35 + 125. What are the prime factors of g?
2, 3
Let a be 4/38 + 74547/627. Suppose -4*x = 3*f - a, f - 5 = -2*x + 52. List the prime factors of x.
2, 13
Suppose 134 - 407 = -3*v. Let r = v - 50. Suppose 0 = -h + 4, 5*x + 4*h + r = 142. What are the prime factors of x?
17
Let n be 8 + 20 - 0/1. List the prime factors of (-16)/n + (-36)/(-14).
2
Let d = 13 - 11. Suppose 4*v = d*v + 4. What are the prime factors of 47/v - 3/(-2)?
5
Let k = 73 + -122. Let n = 84 - k. List the prime factors of n.
7, 19
List the prime factors of (-9)/9 + -7*(-82 - -3).
2, 3, 23
Let m = 16 + 12. Suppose -4*h = -11*h + m. List the prime factors of -1 - (h + 24/(-2)).
7
Let h(f) = -41*f + 56. Let u(m) = m**2 + 4*m + 5. Let t be u(-3). Let s(p) = 8*p - 11. Let g(i) = t*h(i) + 11*s(i). What are the prime factors of g(7)?
3, 11
Suppose -h + 4*w = -4*h + 26, 2*w = 10. Suppose 0 = -i - 4 - h. What are the prime factors of 3/(i/(-76)) - -4?
2, 3, 7
Let j(w) = w**3 - w. Let x(k) = 7*k**3 + 6*k**2 + 5*k + 13. Let y(n) = 6*j(n) - x(n). List the prime factors of y(-6).
53
Suppose -7 + 7 = -5*c. Suppose -3*u - 5*h = -c*u - 226, -4*u - h = -307. List the prime factors of u.
7, 11
Suppose -3*c + 4*b = -24, -b + 2*b = c - 9. Let z = -43 + 65. Let n = z + c. What are the prime factors of n?
2, 17
Let p be (2 + -4 + 1)*-1. Let t(y) = 3 - 5*y - p - 7 - 7. List the prime factors of t(-8).
2, 7
Suppose -11*b = -9*b - 3002. List the prime factors of b.
19, 79
Let p = 1 - -33. Let h = -55 + p. Let g = 42 + h. List the prime factors of g.
3, 7
Let u(f) = 1576*f**2 - 8*f. List the prime factors of u(-1).
2, 3, 11
Let f(z) = -z**2 - 11*z + 21. Let j be f(-12). Let m(y) = 2*y - 6 - 2 - 2. What are the prime factors of m(j)?
2
Suppose 0*q = q + 3*t - 97, -3*q = -2*t - 258. Let x = -50 + q. What are the prime factors of x?
2, 19
Let c(t) = 4*t**2 + 32*t + 165. List the prime factors of c(-32).
3, 13, 83
Suppose -n = -3*b + 6*b - 1306, 4*n + 4*b = 5224. What are the prime factors of n?
2, 653
Let f(n) = 3*n**2 + 84*n - 111. List the prime factors of f(-36).
3, 251
Suppose 16*r - 15 + 319 = 0. Let k be (-326)/(-9) + (-4)/18. Let v = r + k. List the prime factors of v.
17
Let z(a) = a**2 - 13*a + 6. Let q be z(12). Let f = 9 + q. Suppose 0 = -f*v + v + 10. What are the prime factors of v?
5
Suppose -y + 2*d - 16 = 7*d, 0 = -y + 3*d - 8. Let c = -14 - y. Let s = 21 + c. What are the prime factors of s?
2, 3
Suppose -5 = -3*y - 2*u + 63, -130 = -5*y + 5*u. Let c = 110 - y. What are the prime factors of c?
2, 43
Suppose 0 = q - 2*q. Suppose -2*s + 3*l + 175 = -148, 5*s - 5*l - 820 = q. List the prime factors of s.
13
Let t be 3/(-75)*-5 + (-369)/(-5). Suppose -3*m = 2*z - t, -2*z + m + 11 = -63. What are the prime factors of z?
37
Suppose 0 = -r - 0*m - 2*m + 1027, -m = 4*r - 4115. What are the prime factors of r?
3, 7
Let b(a) be the first derivative of -a**6/360 + a**5/30 + 2*a**3 - 4. Let d(g) be the third derivative of b(g). List the prime factors of d(3).
3
Let x(r) = -2*r**2 - 19*r - 14. Let k be x(-14). Let q = -102 - k. What are the prime factors of q?
2, 19
Let r = -29 - -27. List the prime factors of (r/(-6))/(2/126).
3, 7
Suppose -4*j + 263 = -309. What are the prime factors of j?
11, 13
Suppose 4*d + 3*a - 12942 + 1110 = 0, 11832 = 4*d + 4*a. What are the prime factors of d?
2, 3, 17, 29
Let p(b) = 4*b**2 - 90*b + 26. List the prime factors of p(31).
2, 3, 5
What are the prime factors of 123*(112/12 - 7)?
7, 41
Let h = -34 + 267. Suppose -h = -3*u - 4*x, u = 4*x - x + 56. What are the prime factors of u?
71
Suppose -l + 5*s = -78, 5*l - 593 + 203 = -4*s. Suppose 4*t = 5*t - l. What are the prime factors of t?
2, 3, 13
Let b(i) = 10 + 3*i**2 + 4*i + 4*i - 4*i**2 - 3*i. Let p be b(6). Suppose 58 = 4*t - 3*z, -3 = -p*z + 5. List the prime factors of t.
2
Let z be (-6)/3 + 1 + 3. Let j = -2 + z. Suppose j*u + 315 = 5*u. List the prime factors of u.
3, 7
Suppose -2*b - 13 + 151 = 0. Let f = 59 + b. List the prime factors of f.
2
What are the prime factors of (-4 + 10)/((-9)/(-267))?
2, 89
What are the prime factors of 6*3/171 - 74436/(-57)?
2, 653
Let b(u) = -u**3 + 2*u**2 + u. Let a be b(-1). Suppose -4*q + 725 = 5*z - 7*q, 750 = 5*z + a*q. List the prime factors of z.
2, 37
List the prime factors of 7 + (1295 - -5 - 5).
2, 3, 7, 31
Let m(q) = -2*q + 24. Let a be m(10). Suppose 6*j - 1330 = -a*j. List the prime factors of j.
7, 19
Suppose 5*b + 1626 - 3861 = 0. Suppose -7*u = -4*u - b. What are the prime factors of u?
149
Suppose -w - 9 = -3*v - 6*w, -v = 3*w - 3. Suppose 12 = 3*x, -2*j + 0*x - 3*x = -396. Suppose -k + j = v*k. What are the prime factors of k?
2, 3
Let x(m) = 391*m + 79. What are the prime factors of x(2)?
3, 7, 41
Let h be ((4/(-5))/1)/((-6)/45). Let s(c) = c**3 - 3*c**2 - 4*c - 7. List the prime factors of s(h).
7, 11
Let h(z) = -z + 10. Let o be h(8). Let y(w) = 43*w**2 - 2*w - 2. What are the prime factors of y(o)?
2, 83
Suppose 2*m - 3393 = -h, 4*h - 51*m - 13590 = -53*m. List the prime factors of h.
3, 11, 103
Suppose 0 = -0*b - 5*b - 3*z - 171, -b = 5*z + 21. Let d = 17 - b. What are the prime factors of d?
53
Let s be ((-68)/8 + 5)/(2/(-4)). Suppose -3*t + s*t = 324. What are the prime factors of t?
3
Let p = 230 + 212. Suppose 0 = 4*c - 3*a - 445, -4*c + 3*a - a + p = 0. Let q = 166 - c. List the prime factors of q.
3, 19
Suppose b = -2*b - 102. What are the prime factors of 6/(-51) + (-990)/b?
29
Let t be 10/(-6)*3/(-15)*0. Suppose 204 = 2*q - t*q. What are the prime factors of q?
2, 3, 17
Suppose 5*s + 3*j - 4782 = 0, -2*s + j - 390 = -2305. What are the prime factors of s?
3, 11, 29
Let h(y) = -y**3 + 3*y**2 + 3*y + 4. Let p be h(3). Suppose p*t - 2*t - 473 = 0. What are the prime factors of t?
43
Let m(t) = t**2 + 6*t - 1. Let w be m(-5). Let h(r) be the first derivative of -r**4/4 - 4*r**3/3 + 4*r**2 - 3*r + 1. List the prime factors of h(w).
3, 7
Let z(b) = b + 11. Let a be (63/28)/(1/(-4)). Let f be z(a). Suppose k + f = 10. List the prime factors of k.
2
List the prime factors of ((-1)/2)/(49/(-37828)).
2, 193
Suppose 3*z - p = 19172, -5*z - 17*p + 13*p + 31976 = 0. What are the prime factors of z?
2, 17, 47
Suppose -5*t - 1656 = -6181. What are the prime factors of t?
5, 181
What are the prime factors of -6 - (2 - (901 + 7))?
2, 3, 5
List the prime factors of 4/((-48)/(-36)) + 1 + 862.
2, 433
Suppose -10*w - 5*w = -15135. What are the prime factors of w?
1009
Suppose m - 3*f - 1272 = 0, -2*m - 713 = -4*f - 3267. What are the prime factors of m?
3, 11, 13
Let m(g) = -g**3 + 40*g**2 - 7*g - 134. List the prime factors of m(39).
2, 557
Suppose 9*q = -3*q + 1116. What are the prime factors of q?
3, 31
Let u(n) = 1363*n**2 + 4*n + 3. List the prime factors of u(1).
2, 5, 137
Let h = -43 + 26. Let w be h/(-5) - (-4)/(-10). Suppose 0 = -5*d - w*g + 9 + 14, 17 = 5*d - 3*g. What are the prime factors of d?
2
Let o(f) = -2*f - 2. Let h be o(-5). Suppose -k + 450 = 2*w, -k = -2*w + 4*k + 450. Suppose -5*g - w = -h*g. List the prime factors of g.
3, 5
Suppose -85*a = -80*a - 5. List the prime factors of 101*((a - 2) + 2).
101
Suppose -146 = -4*a + 5*b, a + a - 82 = -2*b. Suppose -a = -r + 5. Suppose 4*x + 229 = 3*w, -w + 2*x + r = -33. What are the prime factors of w?
3, 5
Let k = 174 + 84. What are the prime factors of k?
2, 3, 43
Let i(u) = u**3 + 16*u**2 - 7. Let t be i(-16). Let o(l) = l**3 + 8*l**2 + 6*l + 3. What are the prime factors of o(t)?
2, 5
Let f(q) = 65*q - 3. Let x be f(-1). Let o = x - -72. What are the prime factors of o?
2
Let c = 11163 + -5804. What are the prime factors of c?
23, 233
Let o(n) = n**3 + 6*n**2 + 4*n + 2. Suppose -3*z - 4*v + 37 = 0, 5*z - v = -5*v + 51. Let l be (z/(-14))/((-1)/(-8)). List the prime factors of o(l).
2, 3
Let m = 113 + 32. Let o = 205 - m. Suppose 0 = 2*h + p - 24, 4*p - 2*p = -5*h + o. What are the prime factors of h?
2, 3
Suppose -41*n = -44*n + 222. List the prime factors of n.
2, 37
Suppose w + 434 = h, -w = -3*w - 10. Suppose h = 5*f - 96. List the prime factors of f.
3, 5, 7
Suppose 0 = 3*k - 34 - 17. Suppose k = 4*f + 5. What are the prime factors of (10 - -1)/(f/15)?
5, 11
Suppose 10*m - 22*m + 3756 = 0. List the prime factors of m.
313
Let q = -709 + 1209. List the prime factors of q.
2, 5
Let c be (-18)/8